(-57) + 230/3?
2, 19
Let c(j) = -j**3 + 18*j**2 - 35. Let a be c(18). Let v = a + 30. Let i = 1 - v. List the prime factors of i.
2, 3
Suppose 15*o - 43239 = 8*o. Suppose -4*w = -6*w - 2*t + 2466, 5*w - o = t. List the prime factors of w.
5, 13, 19
Suppose -4*w - 1276 = -3796. Suppose -3*m + 417 - 76 = -5*u, -w = -5*m - 4*u. Suppose -3*r = -64 - m. What are the prime factors of r?
2, 31
Let r = -7291 - -10904. What are the prime factors of r?
3613
Suppose b + 4282 = 2*g, 6423 = 3*g - 10*b + 7*b. Let c = g + -1527. List the prime factors of c.
2, 307
List the prime factors of (7746160/15)/8 - (-24)/36.
2, 8069
Suppose 13*g - 13 = 13. Suppose -1504 = -3*j + 5*m - 94, -g*m + 2319 = 5*j. What are the prime factors of j?
3, 5, 31
Let a(n) = -29*n + 646*n**2 + 10*n - 616*n**2 + 56. What are the prime factors of a(6)?
2, 7, 73
Let z(j) = -18*j**2 + 61*j - 105. Let w(v) = 6*v**2 - 21*v + 35. Let m(o) = -11*w(o) - 4*z(o). What are the prime factors of m(13)?
2, 5, 11
Suppose -2*x + h + 2865 = 6*h, 0 = x + 5*h - 1420. Let j = x + -933. List the prime factors of j.
2
Suppose -5*n - 2*d = d + 15745, n = -3*d - 3137. List the prime factors of (-2)/(-6 - n/526).
263
Let h(x) = 12*x + 10. Suppose -3*o + 10 = 4*n - 17, 2*o = 2*n + 32. List the prime factors of h(o).
2, 83
List the prime factors of 3394*(-6 + 13/(-10)*-5).
1697
Let d(a) = 4*a + 3. Let v be d(-1). Let i(u) = -1. Let h(p) = 5*p - 33. Let k(l) = v*h(l) + 4*i(l). What are the prime factors of k(-21)?
2, 67
Suppose 5*m - 333 = -123. Suppose -4*o - 5*k - m = -13, -5*o - 3*k - 33 = 0. List the prime factors of o/10*36*(-4 + -6).
2, 3
Let h = 18868 - 2123. List the prime factors of h.
5, 17, 197
Let s(m) = -56*m - 21. Let b(p) = 616*p + 231. Let u(f) = -5*b(f) - 56*s(f). What are the prime factors of u(4)?
5, 7
Suppose v - 15 = z, 3*z = 4*v - 0 - 56. List the prime factors of (-15 + v - -379*1) + -3.
2, 3, 31
Suppose -4*r = 5*v - 24715, 0 = 8*r - 6*r + 3*v - 12355. List the prime factors of r.
5, 1237
Suppose -10*j - 1715 + 5495 = 0. Suppose 2*z - 1071 = o, -j = -4*z + 3*o + 1765. List the prime factors of z.
5, 107
Let x(m) = m**3 + 6*m**2 - 11*m - 9. Let o be x(-7). Suppose -o*p = -14*p. Suppose p = -d + 4*c + 128, -4*c - 25 = -5. What are the prime factors of d?
2, 3
Let r = -3358 + 6205. What are the prime factors of r?
3, 13, 73
Let s be 2695 - ((-6 - -2)/1 + 6). Suppose -2*p + p = -3*y - 903, 3*p - 5*y = s. List the prime factors of p.
3, 11
Let y = -19685 + 41262. List the prime factors of y.
21577
Suppose 8*u = 2*a + 370214, 5*a + 206380 = 3*u + 67571. What are the prime factors of u?
2, 3, 857
Suppose 895*c - 11725884 = 571*c. List the prime factors of c.
36191
Let u(m) = 1074*m**2 - 226*m + 1030. List the prime factors of u(5).
2, 5, 107
Suppose 14*y = -96 - 44. Let u(q) = q**3 + 17*q**2 - 4*q - 8. What are the prime factors of u(y)?
2, 3, 61
Let o = 230 - 138. Suppose -2*m + 0 = 128. Let b = m + o. What are the prime factors of b?
2, 7
Let t = -28 - -90. Let k = 66 - t. Suppose -5*p + k*p + 129 = 0. What are the prime factors of p?
3, 43
Suppose 2012*s = 1987*s + 538450. What are the prime factors of s?
2, 11, 89
Suppose 4*q + 3*r = -r, 0 = 4*q + 5*r - 2. Let c(x) = -2*x**3 + 16*x**2 + 19*x. Let v be c(9). What are the prime factors of (v - 5)/(q/(-32))?
2
Let v be -1*(-5 + 1 - -285). Let c = v + 200. Let u = 139 + c. List the prime factors of u.
2, 29
Let j(h) = -3*h**3 + h**2 + 16*h + 823. What are the prime factors of j(0)?
823
Suppose 36*s = 84910 - 23422. Suppose s = 3*k - 4*y, -k + 3*y - 33 + 599 = 0. What are the prime factors of k?
2, 11, 13
Let l(w) = 9*w + 4. Let s = 56 + -17. Suppose 4*u = -9*u + s. What are the prime factors of l(u)?
31
Suppose -1607112 = -60*x - 9*x - 48*x. What are the prime factors of x?
2, 17, 101
Let k = -175 + 599. Let m = k - -19. List the prime factors of m.
443
Let m(r) = r**3 + 54*r**2 - 170*r - 7. Let n be m(3). Let g(z) = -3*z**3 - 2*z**2 + 1. Let v be g(-1). What are the prime factors of (-179 + (-1 - v))/(-1) - n?
2, 3, 31
List the prime factors of ((-13538720)/25)/(-13) - (-6)/15.
2, 3, 53, 131
Suppose 110955 + 110835 + 50754 = 17*l. List the prime factors of l.
2, 3, 167
Suppose -128 = -5*d + 17. Suppose -4*s + 22 + 9 = 3*w, 0 = -s - 5*w + d. Suppose -3*a = s*n - 48, 0 = 2*a + 2*a. List the prime factors of n.
2, 3
Suppose -18 = -0*c - 2*c. Let o(q) be the first derivative of q**4/4 - 8*q**3/3 + 4*q**2 + 19*q - 100. List the prime factors of o(c).
2, 43
Let u(o) = -8*o - 16. Let r be u(0). List the prime factors of (8/r)/((-5)/5020).
2, 251
Let r(m) = -853*m - 703. List the prime factors of r(-14).
11239
Suppose -5*k + 4*k - 12 = 0. Let s be 2056/(-6) + 1/(k/16). Let b = 547 + s. List the prime factors of b.
7, 29
Let l be -1*(-4 + 9) + (-60)/(-5). Let s(o) = 15*o**2 - 20*o + 27. What are the prime factors of s(l)?
2, 311
Suppose 834860 + 80171 = 59*c. What are the prime factors of c?
13, 1193
Suppose 5*i - 6*v = -2*v + 3070, 0 = -5*i - v + 3045. Suppose 5*f + j = -2*j + 3054, f = -j + i. Suppose -4*r + f = -16. List the prime factors of r.
157
Suppose -14*y = -509252 - 19808. What are the prime factors of y?
2, 5, 3779
Suppose 0 = -2*o - 6*o - 16. List the prime factors of o/(-4)*241 - 17/(-34).
11
Let y(f) = -12*f**3 - 2*f**2 + 6*f + 6. Let z be y(-4). Let c = -265 + z. Suppose -435 = -5*o + 5*h, -6*o + c = -o + 4*h. List the prime factors of o.
89
Suppose -9*p + 137 = -70. Suppose -5*x + 148 - p = 0. What are the prime factors of (1*-19)/(x/(-50))?
2, 19
Suppose -15*i = -668 + 53. Suppose -5*g + 960 = r, 46*r - 2*g = i*r + 4719. What are the prime factors of r?
3, 5, 7
Let u(o) = -2*o**2 - 388*o + 84. List the prime factors of u(-81).
2, 3, 5, 613
Suppose -39 + 27 = -3*z, 3*q = -2*z - 190. What are the prime factors of (q/10)/(20/(-1900))?
3, 11, 19
Let z = -12971 + 13600. What are the prime factors of z?
17, 37
Suppose 3*t + 2*k = 1 + 24, -2*k = 8. Let h(o) = 28*o + 61. What are the prime factors of h(t)?
3, 41
Let h(x) = 3 + 2 + x**3 + 6*x**2 - 9 + 5*x. Let g be h(-5). What are the prime factors of g/(24/(-610)) + (-2)/(-6)?
2, 3, 17
List the prime factors of (8 - 819/18)/((-1)/54).
3, 5
Suppose -58*k = -77854 + 2280. What are the prime factors of k?
1303
Suppose 0*m - 2*m = 3*s - 21, -2*m = -2*s - 46. List the prime factors of ((-18)/(-15))/((-4)/((-8400)/m)).
2, 5, 7
Let n be 35 - (-3 - -1 - (-1 - 4)). Suppose -4*c + 44 = n. Suppose c*f = 2*m - 161, -4*f = -5*m - 0*f + 399. List the prime factors of m.
79
Suppose -36*z + 5*b + 14 = -34*z, 0 = z + 3*b + 4. Suppose -4068 = z*h - 11*h. List the prime factors of h.
2, 113
Suppose -4*x - 5 - 11 = 0. Let s(t) = 9 + 28 - 24*t - 58. What are the prime factors of s(x)?
3, 5
Let g = 17798 + -1750. What are the prime factors of g?
2, 17, 59
Let z be (6 + (-15)/3)*257*2. Suppose -3*j - z = -5*j. What are the prime factors of j?
257
Let f be (-5)/(120/18) - (-2510)/8. Suppose z = 4*l - 430, f = 3*l + 8*z - 4*z. Let x = l + 43. List the prime factors of x.
2, 3, 5
Let k = 154 + -88. Suppose -12 = 4*l, -k = -5*b + 3*l - 272. Let i = b + 78. What are the prime factors of i?
5, 7
Let r(n) = 4599*n**2 - 1176*n + 2347. What are the prime factors of r(2)?
53, 347
Let p = 4 + 7. Suppose -p*o - 4522 = -30*o. List the prime factors of o.
2, 7, 17
Let n be 4*(0/4 + 6/8). Suppose 99 = -2*v + 4*b + 281, n*b = -v + 111. What are the prime factors of v?
3, 11
Let d(k) = 7*k**2 - 5*k + 5. Let y(t) = t**2 + t - 1. Let b(r) = d(r) - 6*y(r). Suppose 3*z = 2*w + 55, 5 = 2*z + 3*w - 23. What are the prime factors of b(z)?
113
Suppose 12*z + 46452 = 33*z. Let q = z + -1569. What are the prime factors of q?
643
Suppose -5826*z + 5839*z = 281502. List the prime factors of z.
2, 3, 401
Let b = 24 + -21. Let u(h) = -3*h**2 + 2*h - 6*h + h + 3*h**3 + 3 + 2*h. What are the prime factors of u(b)?
2, 3
Let o = -145 - 326. Let i = o - -742. List the prime factors of i.
271
Let n = -80 + -164. Let k = n - -502. List the prime factors of k.
2, 3, 43
Let f = -1287 - -2368. Let b = -27516 + 27523. Suppose b*o - 46 = f. What are the prime factors of o?
7, 23
Let j(w) = w**2 - 17*w - 15. Let g be j(18). Suppose 0 = 5*o + 2*l - 3727, -15*o + g*l = -16*o + 735. What are the prime factors of o?
3, 83
List the prime factors of 11/11 + -4